r when 602 is divided by 47.
38
Calculate the remainder when 244 is divided by 35.
34
What is the remainder when 2622 is divided by 71?
66
What is the remainder when 823 is divided by 55?
53
What is the remainder when 1700 is divided by 21?
20
Calculate the remainder when 266 is divided by 18.
14
What is the remainder when 318 is divided by 29?
28
Calculate the remainder when 983 is divided by 7.
3
What is the remainder when 83 is divided by 35?
13
What is the remainder when 3149 is divided by 90?
89
What is the remainder when 2108 is divided by 19?
18
Calculate the remainder when 297 is divided by 5.
2
What is the remainder when 609 is divided by 150?
9
What is the remainder when 1276 is divided by 629?
18
Calculate the remainder when 7049 is divided by 15.
14
Calculate the remainder when 21050 is divided by 7014.
8
What is the remainder when 212 is divided by 129?
83
What is the remainder when 251 is divided by 16?
11
What is the remainder when 274 is divided by 6?
4
Calculate the remainder when 39 is divided by 28.
11
What is the remainder when 286 is divided by 48?
46
What is the remainder when 191 is divided by 140?
51
Calculate the remainder when 94 is divided by 22.
6
Calculate the remainder when 27700 is divided by 81.
79
What is the remainder when 803 is divided by 134?
133
What is the remainder when 4652 is divided by 21?
11
Calculate the remainder when 206 is divided by 83.
40
What is the remainder when 329 is divided by 9?
5
Calculate the remainder when 213 is divided by 71.
0
Calculate the remainder when 181 is divided by 114.
67
Calculate the remainder when 141 is divided by 119.
22
Calculate the remainder when 3636 is divided by 17.
15
What is the remainder when 550 is divided by 15?
10
What is the remainder when 546 is divided by 19?
14
Calculate the remainder when 334 is divided by 8.
6
Calculate the remainder when 104 is divided by 16.
8
What is the remainder when 190 is divided by 188?
2
Calculate the remainder when 803 is divided by 270.
263
Calculate the remainder when 150 is divided by 32.
22
What is the remainder when 437 is divided by 202?
33
Calculate the remainder when 356 is divided by 143.
70
What is the remainder when 263 is divided by 80?
23
What is the remainder when 105 is divided by 18?
15
Calculate the remainder when 140 is divided by 93.
47
What is the remainder when 783 is divided by 56?
55
Calculate the remainder when 5555 is divided by 48.
35
Calculate the remainder when 32 is divided by 9.
5
What is the remainder when 34 is divided by 15?
4
What is the remainder when 106 is divided by 3?
1
Calculate the remainder when 362 is divided by 25.
12
Calculate the remainder when 223 is divided by 40.
23
What is the remainder when 134 is divided by 21?
8
What is the remainder when 134 is divided by 3?
2
Calculate the remainder when 853 is divided by 14.
13
Calculate the remainder when 57 is divided by 50.
7
Calculate the remainder when 629 is divided by 80.
69
What is the remainder when 251 is divided by 51?
47
Calculate the remainder when 1344 is divided by 80.
64
Calculate the remainder when 206 is divided by 8.
6
What is the remainder when 82 is divided by 35?
12
What is the remainder when 5278 is divided by 55?
53
Calculate the remainder when 88 is divided by 30.
28
Calculate the remainder when 862 is divided by 54.
52
Calculate the remainder when 813 is divided by 284.
245
What is the remainder when 3143 is divided by 5?
3
Calculate the remainder when 1728 is divided by 5.
3
Calculate the remainder when 808 is divided by 268.
4
Calculate the remainder when 456 is divided by 221.
14
What is the remainder when 256 is divided by 68?
52
Calculate the remainder when 1425 is divided by 9.
3
What is the remainder when 2261 is divided by 103?
98
What is the remainder when 341 is divided by 51?
35
Calculate the remainder when 2161 is divided by 31.
22
Calculate the remainder when 485 is divided by 213.
59
What is the remainder when 397 is divided by 20?
17
What is the remainder when 12253 is divided by 17?
13
What is the remainder when 312 is divided by 9?
6
What is the remainder when 273 is divided by 35?
28
What is the remainder when 305 is divided by 9?
8
Calculate the remainder when 181 is divided by 22.
5
What is the remainder when 759 is divided by 40?
39
What is the remainder when 106 is divided by 40?
26
Calculate the remainder when 246 is divided by 18.
12
Calculate the remainder when 87 is divided by 31.
25
What is the remainder when 254 is divided by 119?
16
What is the remainder when 140 is divided by 40?
20
What is the remainder when 4003 is divided by 12?
7
What is the remainder when 207 is divided by 29?
4
Calculate the remainder when 126 is divided by 44.
38
Calculate the remainder when 943 is divided by 15.
13
Calculate the remainder when 817 is divided by 9.
7
What is the remainder when 173 is divided by 90?
83
What is the remainder when 165 is divided by 45?
30
What is the remainder when 11 is divided by 9?
2
What is the remainder when 128 is divided by 10?
8
What is the remainder when 157 is divided by 20?
17
Calculate the remainder when 2539 is divided by 8.
3
Calculate the remainder when 417 is divided by 16.
1
Calculate the remainder when 896 is divided by 29.
26
What is the remainder when 1576 is divided by 785?
6
Calculate the remainder when 155 is divided by 78.
77
Calculate the remainder when 86 is divided by 18.
14
What is the remainder when 537 is divided by 30?
27
Calculate the remainder when 179 is divided by 12.
11
Calculate the remainder when 107 is divided by 79.
28
Calculate the remainder when 119 is divided by 31.
26
Calculate the remainder when 3273 is divided by 11.
6
What is the remainder when 195 is divided by 14?
13
What is the remainder when 939 is divided by 132?
15
What is the remainder when 65 is divided by 11?
10
What is the remainder when 545 is divided by 82?
53
Calculate the remainder when 1152 is divided by 44.
8
Calculate the remainder when 8096 is divided by 20.
16
What is the remainder when 226 is divided by 40?
26
What is the remainder when 17 is divided by 2?
1
What is the remainder when 202 is divided by 55?
37
Calculate the remainder when 26 is divided by 15.
11
Calculate the remainder when 115 is divided by 53.
9
Calculate the remainder when 858 is divided by 82.
38
Calculate the remainder when 376 is divided by 27.
25
Calculate the remainder when 1657 is divided by 143.
84
Calculate the remainder when 355 is divided by 93.
76
Calculate the remainder when 479 is divided by 41.
28
What is the remainder when 595 is divided by 10?
5
Calculate the remainder when 66 is divided by 17.
15
Calculate the remainder when 281 is divided by 72.
65
Calculate the remainder when 2473 is divided by 11.
9
Calculate the remainder when 93 is divided by 47.
46
Calculate the remainder when 19 is divided by 3.
1
Calculate the remainder when 1158 is divided by 148.
122
Calculate the remainder when 472 is divided by 5.
2
Calculate the remainder when 287 is divided by 140.
7
Calculate the remainder when 1094 is divided by 100.
94
Calculate the remainder when 497 is divided by 153.
38
What is the remainder when 2871 is divided by 64?
55
Calculate the remainder when 319 is divided by 8.
7
What is the remainder when 612 is divided by 153?
0
Calculate the remainder when 204 is divided by 70.
64
Calculate the remainder when 163 is divided by 51.
10
Calculate the remainder when 226 is divided by 65.
31
Calculate the remainder when 1129 is divided by 545.
39
Calculate the remainder when 1710 is divided by 29.
28
What is the remainder when 4927 is divided by 14?
13
Calculate the remainder when 27 is divided by 12.
3
What is the remainder when 1369 is divided by 41?
16
Calculate the remainder when 114 is divided by 11.
4
What is the remainder when 250 is divided by 130?
120
Calculate the remainder when 1599 is divided by 66.
15
What is the remainder when 2142 is divided by 31?
3
Calculate the remainder when 825 is divided by 169.
149
Calculate the remainder when 103 is divided by 13.
12
Calculate the remainder when 5753 is divided by 42.
41
What is the remainder when 415 is divided by 7?
2
Calculate the remainder when 479 is divided by 11.
6
What is the remainder when 19387 is divided by 74